 divisor of 549835 and 1595?
55
Calculate the greatest common divisor of 260 and 9521120.
20
Calculate the highest common factor of 8700 and 1624580.
580
Calculate the greatest common divisor of 332 and 756505492.
332
What is the highest common factor of 3257023 and 2387?
77
Calculate the greatest common divisor of 6100 and 962100.
100
What is the greatest common factor of 1231197462 and 17064?
4266
Calculate the greatest common factor of 204290410 and 33502.
4786
What is the highest common factor of 29848 and 96733?
91
What is the greatest common divisor of 488220 and 171804?
1236
Calculate the greatest common factor of 3968 and 67828.
124
What is the greatest common divisor of 264 and 1891329?
33
What is the highest common factor of 1776 and 16052376?
888
Calculate the highest common factor of 10692 and 739692.
972
What is the highest common divisor of 6495 and 18765?
15
Calculate the greatest common divisor of 27 and 5609392263.
27
What is the highest common divisor of 4201218 and 738?
18
What is the highest common factor of 5472 and 2304396?
684
Calculate the greatest common divisor of 273007671 and 53313.
4101
What is the highest common divisor of 5 and 228473295?
5
What is the greatest common divisor of 4414144 and 17936?
944
Calculate the highest common factor of 144040395 and 5895.
1965
Calculate the greatest common factor of 15 and 531650295.
15
Calculate the highest common factor of 57 and 4728752547.
57
Calculate the highest common factor of 12 and 339003198.
6
Calculate the highest common divisor of 64620 and 129510.
90
What is the greatest common factor of 139780 and 499496?
116
What is the greatest common divisor of 797997693 and 8452?
2113
Calculate the greatest common divisor of 38099547 and 668.
167
What is the highest common factor of 3650 and 1134350?
50
Calculate the highest common factor of 610491 and 735.
147
What is the greatest common factor of 136517928 and 36?
12
Calculate the highest common divisor of 124 and 1045948804.
124
Calculate the highest common divisor of 15488919 and 45.
9
Calculate the highest common divisor of 7032902 and 1.
1
Calculate the greatest common factor of 13101401 and 8132.
107
Calculate the highest common divisor of 7224 and 67632.
24
Calculate the greatest common divisor of 189983014 and 1976.
494
Calculate the greatest common divisor of 80138 and 27129070.
4714
Calculate the highest common factor of 92200 and 11864296.
3688
Calculate the highest common factor of 5499 and 3411.
9
What is the greatest common factor of 10420065 and 159?
159
Calculate the greatest common factor of 101 and 858886628.
101
Calculate the highest common divisor of 15877212 and 150748.
676
What is the highest common divisor of 319447 and 12857?
989
Calculate the highest common factor of 157893272 and 2174.
2174
Calculate the greatest common factor of 33796900 and 100.
100
What is the greatest common divisor of 61732281 and 117?
39
Calculate the greatest common divisor of 102429559 and 788.
197
What is the highest common factor of 26336995 and 37214?
809
What is the greatest common factor of 174260120 and 80?
40
Calculate the greatest common factor of 2640 and 1662672.
528
What is the greatest common factor of 8215 and 77899559?
1643
What is the highest common divisor of 1001933424 and 54?
18
Calculate the greatest common factor of 22704 and 53847696.
2064
Calculate the greatest common factor of 77 and 314510.
7
What is the highest common factor of 54 and 6391728?
18
What is the greatest common divisor of 8321799 and 1788?
447
What is the highest common divisor of 10491 and 10404651?
807
What is the highest common factor of 2281 and 337768199?
2281
What is the highest common divisor of 1828764 and 7089228?
4428
Calculate the greatest common factor of 1918729 and 1863.
23
What is the highest common factor of 10250 and 264696?
82
What is the highest common factor of 51150 and 7128450?
4650
Calculate the greatest common divisor of 312869244 and 8052.
732
What is the greatest common divisor of 8525888 and 252?
28
What is the greatest common divisor of 33441 and 117593?
157
What is the highest common divisor of 56487327 and 74022?
2847
Calculate the greatest common factor of 4989016 and 248.
248
What is the highest common factor of 69 and 841286249?
23
What is the greatest common factor of 2 and 1504938?
2
Calculate the greatest common factor of 840475332 and 1392.
348
What is the highest common factor of 502203 and 19397?
163
Calculate the greatest common factor of 352 and 15392.
32
What is the greatest common factor of 2959598 and 13481?
1037
Calculate the greatest common factor of 147343182 and 6.
6
What is the greatest common divisor of 1743 and 27492339?
1743
Calculate the highest common divisor of 68250 and 15378090.
2730
Calculate the highest common factor of 9082 and 750234.
38
What is the greatest common factor of 14181 and 418429313?
4727
What is the greatest common divisor of 47081 and 284073?
529
What is the highest common divisor of 2653497 and 6468?
1617
Calculate the greatest common divisor of 581223 and 108.
3
Calculate the greatest common divisor of 2915 and 15697858.
583
Calculate the highest common factor of 389719 and 416273.
781
Calculate the greatest common divisor of 11998988 and 13886.
106
What is the highest common divisor of 116 and 78698344?
116
What is the greatest common factor of 2006 and 901?
17
What is the greatest common factor of 9100 and 1716975?
325
Calculate the greatest common divisor of 6 and 404679669.
3
Calculate the greatest common factor of 640 and 407860.
20
What is the greatest common factor of 12696821 and 2157?
719
Calculate the greatest common factor of 36300 and 18485170.
1210
What is the greatest common divisor of 17 and 100876878?
17
What is the greatest common divisor of 7496 and 523438184?
7496
What is the greatest common factor of 25 and 286035?
5
What is the highest common divisor of 43203650 and 350?
350
Calculate the highest common factor of 6399 and 7513137.
711
What is the greatest common divisor of 81573 and 600?
3
What is the highest common factor of 59504 and 118?
2
What is the greatest common divisor of 74594247 and 197?
197
Calculate the greatest common divisor of 363 and 108329001.
363
Calculate the greatest common factor of 42328504 and 952.
136
What is the highest common divisor of 16566 and 145074?
6
What is the greatest common factor of 5154317 and 61?
61
Calculate the highest common divisor of 391025180 and 5460.
1820
Calculate the highest common factor of 449554498 and 186.
62
Calculate the highest common factor of 2480421 and 6.
3
What is the highest common factor of 715760 and 46920?
920
What is the greatest common factor of 65971890 and 1290?
1290
Calculate the highest common divisor of 517481544 and 1952.
488
Calculate the highest common factor of 6551469 and 54.
27
What is the greatest common divisor of 5904 and 21178386?
738
What is the greatest common factor of 23198 and 7154?
14
What is the greatest common divisor of 320880 and 1701?
21
Calculate the greatest common factor of 9769680 and 784.
16
What is the greatest common divisor of 680617632 and 84?
12
Calculate the greatest common divisor of 13912 and 134014.
74
Calculate the highest common factor of 20 and 20333035.
5
What is the highest common divisor of 21762876 and 667?
667
What is the highest common factor of 16244778 and 264?
66
What is the highest common factor of 21486 and 1072781656?
7162
Calculate the greatest common divisor of 1085 and 2609642.
217
Calculate the greatest common factor of 9434 and 881602.
106
What is the greatest common factor of 365 and 1005721?
73
What is the greatest common factor of 41681934 and 363360?
4542
What is the highest common divisor of 272595 and 11832?
51
What is the highest common divisor of 4300567947 and 13?
13
Calculate the greatest common divisor of 47311655 and 7640.
955
Calculate the greatest common factor of 3220 and 188487852.
644
Calculate the highest common divisor of 228 and 10417719.
57
What is the highest common divisor of 14663 and 436579?
473
Calculate the highest common factor of 12 and 36761136.
12
Calculate the greatest common divisor of 77992 and 5988.
4
Calculate the greatest common divisor of 8564 and 3104.
4
What is the grea